 p(l) = 9*l - 28*l + 29 - 18 + 14*l + 12*l + l**3. What is p(0)?
11
Let n(r) = -r**2 - 66*r - 1084. Let q be n(-34). Let w(s) be the second derivative of -s**5/20 + s**4/4 + s**3/2 + 2*s**2 + s. Determine w(q).
0
Let f(y) be the third derivative of -63*y**2 + 1/24*y**4 + 1/6*y**3 + 1/12*y**5 + 0*y + 1/120*y**6 + 0. Calculate f(-5).
-4
Let l = -73 - -74. Let k(c) = -l + 48*c - 25*c - 30*c. Suppose 3 - 4 = s. What is k(s)?
6
Let a(z) = z - 3. Let u(p) be the third derivative of p**6/120 + 2*p**5/15 - 11*p**4/24 - 5*p**3/3 - 159*p**2. Let j be u(-9). What is a(j)?
5
Let z(l) = l**2 + 2*l - 33. Let a be z(-7). Let x(c) = -c**2 + 11*c**3 + 4*c - a*c - 2*c + c. Determine x(1).
11
Let r(m) = m**2 + 10*m + 2. Let c(w) = -1. Let k(q) = 6*c(q) - r(q). Let f be k(-9). Let t be (4 + (-7 - -4))/f. Let n(z) = 11*z - 1. Give n(t).
10
Let f(n) be the third derivative of n**4/24 + 61*n**3/6 - 795*n**2. Determine f(20).
81
Suppose -3*h - 6 - 9 = 0. Let i(c) = c**2 + 256031*c - 256036*c - 2*c**2 - 6. Give i(h).
-6
Suppose 0 = 34*s - 38*s - 1408. Let p = s + 350. Let m(x) = -1 - 4*x + 1. Calculate m(p).
8
Let t(i) = -i**2 + 6*i - 9 - 22*i + 7*i + 14*i. Suppose -5*k + 4*k = -n, 2*k = 10. What is t(n)?
-9
Let l(r) be the first derivative of 1/3*r**3 - 7/2*r**2 - 8*r + 52. Give l(6).
-14
Let g(l) = 8*l**3 - l**2 + l - 1. Let o be (11 - -4*121/(-44))/(-2). What is g(o)?
-1
Let v(r) = r**3 - 14*r**2 - 7*r + 23. Let f be v(14). Let u = f + 82. Let b(k) = -7 + 5*k - 2*k - 2*k. What is b(u)?
0
Let r(m) be the third derivative of m**5/60 - m**4/3 + 7*m**3/6 + 23*m**2 - m. Let h = 14 - 23. Let c = 15 + h. Determine r(c).
-5
Let u(q) = -6*q**3 + 3*q**2 + 18*q - 22*q - 5 + 7*q**3. Suppose -5*n = -4*w + 32, 30*n - 34*n - 3*w = 7. What is u(n)?
-5
Suppose -28*o = 16 - 15 + 27. Let m(i) = -5*i - 3. Determine m(o).
2
Let c(n) = -n**3 + 12*n - 8*n - n**2 - 3*n. Let d(x) = -6*x**3 - x + 2. Let g(v) = -5*c(v) + d(v). Let s = 7 + -3. Give g(s).
-6
Let h(c) = c**3 + 19*c**2 - 21*c. Suppose 4899 = 23*f + 5359. What is h(f)?
20
Let p(l) be the first derivative of l**3/6 - 29*l - 6. Let s(t) be the first derivative of p(t). Determine s(8).
8
Let a(q) = -50*q**2 + 4*q - 17. Let m(v) = -25*v**2 + v - 7. Let c(w) = -2*a(w) + 5*m(w). Determine c(-1).
-23
Let p(s) = -15*s**2 - 419*s - 25. Let c(f) = 7*f**2 + 193*f + 13. Let t(z) = 13*c(z) + 6*p(z). Determine t(11).
85
Let w(n) be the second derivative of n**3/6 + 11*n**2/2 + n. Let t = 367 + -363. Suppose 8*u + 84 = -t*u. Determine w(u).
4
Let o = -693 - -696. Let d(t) be the third derivative of 0*t - 1/120*t**6 + 7/60*t**5 + 16*t**2 + 1/12*t**4 + 0 - 4/3*t**o. Calculate d(7).
6
Suppose -2*a - 5 = -a, -5*a = q - 14. Suppose -q = -7*s - 116. Let g(c) = -c**3 - 10*c**2 + 11*c - 3. Calculate g(s).
-3
Let k(w) be the third derivative of w**5/10 + 23*w**4/24 + 3*w**3/2 + 1506*w**2. Give k(-3).
-6
Let z(o) = o**2 - 73*o + 405. Let b be z(6). Let m(h) = -h**3 - 4*h**2 - 7*h + 18. What is m(b)?
-66
Let i(b) = -3*b**3 - 2*b + 1. Let s be 4/(-7) + (144/28)/2. Calculate i(s).
-27
Let x(i) be the third derivative of -i**4/12 - i**3/2 - 20*i**2. Let q = 800 + -803. What is x(q)?
3
Let a = -114 - -97. Let o = a + 21. Let y(b) = o*b**2 + b**2 - 2*b**3 - 8*b**2 + 1. Determine y(-2).
5
Let i be (174/(-7))/(-3) + (-28)/98. Suppose i = 3*z + 5. Let f(d) = 3*d - d**2 + z + 0*d + 4 - 1. What is f(3)?
4
Let a = 79 - 87. Let r(x) = 3*x**2 + 11*x - 9. Let p(w) = -2*w**2 - 7*w + 6. Let q(o) = a*p(o) - 5*r(o). Determine q(0).
-3
Let n be (-42)/(-77) + 3454/(-121). Let t(r) = r**3 + 32*r**2 + 114*r + 58. Calculate t(n).
2
Let i(z) be the first derivative of z**4/4 - 29*z**3/3 + 13*z**2 + 66*z + 3187. Calculate i(28).
10
Let r(z) = 4*z**2 + 68*z + 165. Let c be r(-3). Let u(g) = -3*g**2 + 4*g + 17. Determine u(c).
-22
Let g(d) be the third derivative of -d**6/120 + 35*d**4/24 + d**3/6 + 2864*d**2. Calculate g(6).
-5
Suppose 3*t + 396 = 5*c, 2*c + 2*t - 330 = -2*c. Suppose s + c = 10*s. Let q(h) = h**2 - 10*h + 9. What is q(s)?
0
Suppose 5*k = -4*s + 2*k - 11, 0 = 4*k - 12. Let g(q) = 1. Let c(o) = 23*o + 5. Let t(x) = s*g(x) + c(x). Give t(-1).
-23
Let v be (-99)/22*(546/(-27))/13. Let o(g) = g**2 + 8*g - 5. What is o(v)?
100
Let l be ((-81)/(-12))/((-1)/4 - (-5)/5). Let h(a) = 2*a**2 - 21*a + 31. Determine h(l).
4
Let p(l) = -l**2 - 3*l - 4. Let c = -76 - -59. Let w(k) = -19*k - 11 + 0*k**3 - 32 + 12 - k**3 - 18*k**2. Let v be w(c). Give p(v).
-22
Suppose -2 = 3*g + 3*w - 11, -5*g - 3*w + 19 = 0. Let j(d) = -g*d + 1 - d - 2 + 2*d + 8*d. Give j(4).
15
Let h(k) = 6*k + 16. Let m(r) be the third derivative of -17/6*r**3 + 0 + 0*r + 11*r**2 - 7/24*r**4. Let l(c) = -6*h(c) - 5*m(c). Calculate l(-8).
-3
Let w(r) = -24*r**3 - 2*r**2 + 1. Let v = 34 - 30. Suppose 0*q = -3*q + 2*l - 1, -2 = v*q - 3*l. Give w(q).
-25
Let j(l) be the first derivative of -l**3 + 19*l**2/2 - 17*l - 4030. Calculate j(7).
-31
Let c be ((-6)/3)/(-2) - (-2 - -1). Let w(t) = -c*t**2 + 10 + 5*t**2 - 2*t**2 + 5*t - 14. Suppose 8*a + 25 = -23. Calculate w(a).
2
Let r(g) = -29*g**2 - 676*g + 39. Let z(q) = -10*q**2 - 239*q + 13. Let x(k) = -6*r(k) + 17*z(k). What is x(7)?
134
Let y(q) = 3*q**2 - 7*q - 2. Let f(g) be the second derivative of -7*g**4/6 + 29*g**3/6 + 7*g**2/2 + 2*g - 52. Let x(j) = 2*f(j) + 9*y(j). What is x(-6)?
-10
Let s(b) be the second derivative of -b**4/2 - 223*b**3/6 - 35*b**2/2 - 104*b + 3. What is s(-37)?
2
Let p be (-1)/3 + 20/6. Let v be p - 1 - (1 + 0). Let z(n) = 0*n**3 + 20 + 8*n**3 - 7 - 12. Determine z(v).
9
Let x = -160 + 175. Let y(h) = h**2 - 12*h - 39. Let u be y(x). Let z(c) = 4*c + 3. Give z(u).
27
Let w(c) = -3*c**3 - 4*c**2 - 3*c - 1. Suppose -6*s - g = -2*s + 15, s + 3 = -g. Let r be s/((-32)/(-18)) - 13/(-52). Calculate w(r).
13
Let h(k) = -5*k**3 - 29*k**2 + 21*k - 47. Let o(x) = -x**3 - 7*x**2 + 5*x - 12. Let t(w) = 2*h(w) - 9*o(w). What is t(5)?
-1
Let c(g) = -14*g**3 + g. Let n(u) = -9 - 20*u - 14*u + 29*u. Let p be n(-2). Calculate c(p).
-13
Let x(h) = h**3 + 6*h**2 + h - 14. Let y be x(-4). Suppose 0 = -4*a - p - y + 42, 0 = -3*p. Let j(w) = -w + 6. Determine j(a).
-1
Let o(m) = -2*m + 28. Let l = 788 - 778. Let r be o(l). Let n(h) = -h**3 + 9*h**2 - 7*h + 2. Give n(r).
10
Suppose -133*w + 1308 = -24*w. Let o(n) be the first derivative of -1/4*n**4 - w + 2/3*n**3 - 4*n + 3/2*n**2. What is o(3)?
-4
Let v(n) = -n + 2. Let b(u) = -65*u + 7. Let i be b(-2). Let t = i + -132. Calculate v(t).
-3
Let u(d) = -16 - 8 - 26 + 62 + 38*d - 3*d**2. Give u(13).
-1
Let s = -20558 - -20548. Let g(r) = r**2 - 3*r + 4. Give g(s).
134
Let b(l) = -2 - 2*l**2 - 27*l + 106*l - 33*l - 37*l. Give b(2).
8
Let z(k) = -k + 1. Let w = 14 - 15. Let u be z(w). Let p(t) = 32*t + u - 60*t + 29*t. Determine p(0).
2
Let j be (-19)/((12/(-3))/20) - 4. Let u be (-18)/(-27) + j/3. Let h = -32 + u. Let s(i) = -29*i**2 + 1. What is s(h)?
-28
Let v(b) = -b**2 - 14 + 51809*b - 51795*b + 0*b**2. Let p = 3 - -7. Determine v(p).
26
Let y(r) = r**3 - 12*r**2 + 13*r + 1. Suppose 158*k - 36 = 155*k. Suppose -36 = -k*q + 96. Determine y(q).
23
Let i(c) = 5*c**3 - 12*c**2 - 14*c + 104. Let m(n) = 4*n**3 - 12*n**2 - 13*n + 90. Let r(s) = -5*i(s) + 6*m(s). Determine r(-7).
-169
Let v(c) = 2*c - 2*c + 1 - c**2 - c**2. Suppose -379 = g - 4*y - 342, 3*y = 5*g + 32. Give v(g).
-1
Let k = 150 - 146. Suppose -k*b - 2*y - 51 = -5*y, b + 4*y = -8. Let g(t) = t**2 + 13*t + 15. Calculate g(b).
3
Let b(l) be the third derivative of l**4/12 - l**3/2 - 11*l**2 + 9*l + 3. Suppose -5*x + 1 = -14. Determine b(x).
3
Let p(h) = h**2 + 8*h + 2. Suppose -2*t + 339 - 1013 = 0. Let y = -344 - t. Calculate p(y).
-5
Let x(d) = 2*d**2 + 16 - d**2 - 20 + d. Let g be x(-3). Let c(z) = 39*z**2 - 20*z**g - 14*z**2 + 1 + 2*z. Calculate c(-1).
4
Let o(x) = -x**3 + 3*x**2 + 17*x - 76. Let w(l) = -l**3 - 66*l**2 + 592*l + 4. Let j be w(-74). What is o(j)?
-24
Let r(l) = 4*l**3 + 8*l**2 + 4*l - 17. Let d(z) = 15*z**3 + 33*z**2 + 14*z - 69. Let k(i) = 3*d(i) - 11*r(i). Give k(-11).
2
Let w(n) = -5*n**3 + 12*n**2 + 4*n + 17. Let y(v) = -11*v**3 + 25*v**2 + 7*v + 35. Let f(j) = -9*w(j) + 4*y(j). Let z = -350 - -359. Calculate f(z).
-4
Let l(w) = 3*w**2 - 10*w + 7. Let p(a) = a**2 - 1. Let z(r) = l(r) - 2*p(r). Calculate z(8).
-7
Let z(j) be th